{"id":10712,"date":"2026-03-09T10:49:32","date_gmt":"2026-03-09T14:49:32","guid":{"rendered":"https:\/\/www.kalitepouviv.fr\/?page_id=10712"},"modified":"2026-03-19T07:24:08","modified_gmt":"2026-03-19T11:24:08","slug":"ladressage-vers-la-pco","status":"publish","type":"page","link":"https:\/\/www.kalitepouviv.fr\/index.php\/ladressage-vers-la-pco\/","title":{"rendered":"Adressage vers la PCO"},"content":{"rendered":"<section class=\"wpb-content-wrapper\"><p>[vc_row css=\u00a0\u00bb.vc_custom_1584496353761{margin-top: -50px !important;}\u00a0\u00bb][vc_column][vc_column_text]<\/p>\n<h2><span style=\"color: #339966;\"><img decoding=\"async\" loading=\"lazy\" class=\"alignnone wp-image-10733\" src=\"https:\/\/www.kalitepouviv.fr\/wp-content\/uploads\/2026\/03\/2-300x300.png\" alt=\"\" width=\"198\" height=\"198\" srcset=\"https:\/\/www.kalitepouviv.fr\/wp-content\/uploads\/2026\/03\/2-300x300.png 300w, https:\/\/www.kalitepouviv.fr\/wp-content\/uploads\/2026\/03\/2-150x150.png 150w, https:\/\/www.kalitepouviv.fr\/wp-content\/uploads\/2026\/03\/2-200x200.png 200w, https:\/\/www.kalitepouviv.fr\/wp-content\/uploads\/2026\/03\/2.png 500w\" sizes=\"(max-width: 198px) 100vw, 198px\" \/>Adressage d&rsquo;un enfant de 0 \u00e0 6 ans<\/span><\/h2>\n<p>[\/vc_column_text][vc_column_text css=\u00a0\u00bb.vc_custom_1773918927537{background-color: #c8edbb !important;}\u00a0\u00bb]<\/p>\n<div data-olk-copy-source=\"MessageBody\">L\u2019entr\u00e9e dans la PCO 0\u20116 ans concerne les enfants qui pr\u00e9sentent des difficult\u00e9s dans la vie quotidienne ou \u00e0 l\u2019\u00e9cole, par exemple :<\/div>\n<ul>\n<li>Votre enfant ne comprend pas tout ce qu\u2019on lui dit<\/li>\n<li>Il est tr\u00e8s agit\u00e9 ou a du mal \u00e0 rester concentr\u00e9<\/li>\n<li>Il rencontre des difficult\u00e9s \u00e0 parler ou \u00e0 communiquer<\/li>\n<li>Il a des probl\u00e8mes pour jouer, partager ou se socialiser<\/li>\n<li>Ou encore d\u2019autres besoins sp\u00e9cifiques li\u00e9s \u00e0 son d\u00e9veloppement ou sa sant\u00e9<\/li>\n<\/ul>\n<div>Si vous remarquez l\u2019une de ces difficult\u00e9s, la PCO peut intervenir tr\u00e8s t\u00f4t pour accompagner votre enfant dans son parcours de soins et l\u2019aider \u00e0 progresser.<\/div>\n<p>[\/vc_column_text][vc_column_text]Au regard des \u00e9l\u00e9ments observ\u00e9s lors de la consultation et des pr\u00e9occupations exprim\u00e9es par la famille concernant le d\u00e9veloppement de l\u2019enfant, <strong>le m\u00e9decin traitant, p\u00e9diatre, sp\u00e9cialis\u00e9 ou autre,<\/strong>\u00a0 peut proc\u00e9der \u00e0 une orientation vers la Plateforme de Coordination et d\u2019Orientation (PCO) trouble du neuro-d\u00e9veloppement (TND) 971.<\/p>\n<p class=\"isSelectedEnd\">Cette orientation a pour objectif de permettre une \u00e9valuation pr\u00e9coce et pluridisciplinaire des difficult\u00e9s rep\u00e9r\u00e9es, afin d\u2019identifier d\u2019\u00e9ventuels troubles du neurod\u00e9veloppement et de mettre en place, si n\u00e9cessaire, un accompagnement adapt\u00e9.<\/p>\n<p><strong>Le parent<\/strong> compl\u00e8te la dossier famille &amp; la charte adh\u00e9sion patient et\u00a0 <strong>le m\u00e9decin<\/strong> compl\u00e8te le dossier d&rsquo;adressage.<\/p>\n<p>Enfin, le dossier complet (c&rsquo;est \u00e0 dire les 3 documents compl\u00e9ter) est transmis par le m\u00e9decin soit :<\/p>\n<ul>\n<li>Par mail\u00a0: pco971@kalitepouviv.fr<\/li>\n<li>Par courrier postal : Complexe de services m\u00e9dico-sociaux L\u00e9 Koklaya \u2013 Service PCO &#8211; Rue de la Poterie &#8211; Providence 97139 LES ABYMES<\/li>\n<\/ul>\n<p>[\/vc_column_text][vc_column_text]<\/p>\n<h5><strong>3 documents sont \u00e0 t\u00e9l\u00e9charger et \u00e0 compl\u00e9ter :\u00a0<\/strong><\/h5>\n<ul>\n<li><a href=\"https:\/\/www.kalitepouviv.fr\/wp-content\/uploads\/2024\/03\/livret-0-6-ans-PRINT.pdf\">Le dossier d&rsquo;adressage \u00e0 compl\u00e9ter par le m\u00e9decin<\/a><\/li>\n<li><a href=\"https:\/\/www.kalitepouviv.fr\/wp-content\/uploads\/2024\/03\/Dossier-famille-PCO-TND.pdf\">Le dossier famille PCO-TND<\/a><\/li>\n<li><a href=\"https:\/\/www.kalitepouviv.fr\/wp-content\/uploads\/2026\/03\/Charte-des-patients-PDF.pdf\">La charte adh\u00e9sion patient<\/a><\/li>\n<\/ul>\n<p>[\/vc_column_text][vc_row_inner][vc_column_inner width=\u00a0\u00bb1\/6&Prime;][vc_single_image image=\u00a0\u00bb10181&Prime; onclick=\u00a0\u00bbcustom_link\u00a0\u00bb link=\u00a0\u00bbhttps:\/\/www.kalitepouviv.fr\/wp-content\/uploads\/2024\/03\/livret-0-6-ans-PRINT.pdf\u00a0\u00bb][\/vc_column_inner][vc_column_inner width=\u00a0\u00bb1\/6&Prime;][vc_single_image image=\u00a0\u00bb10177&Prime; onclick=\u00a0\u00bbcustom_link\u00a0\u00bb link=\u00a0\u00bbhttps:\/\/www.kalitepouviv.fr\/wp-content\/uploads\/2024\/03\/Dossier-famille-PCO-TND.pdf\u00a0\u00bb][\/vc_column_inner][vc_column_inner width=\u00a0\u00bb1\/6&Prime;][vc_single_image image=\u00a0\u00bb10769&Prime; onclick=\u00a0\u00bbcustom_link\u00a0\u00bb link=\u00a0\u00bbhttps:\/\/www.kalitepouviv.fr\/wp-content\/uploads\/2026\/03\/Charte-des-patients-PDF.pdf\u00a0\u00bb][\/vc_column_inner][vc_column_inner width=\u00a0\u00bb1\/6&Prime;][\/vc_column_inner][vc_column_inner width=\u00a0\u00bb1\/6&Prime;][\/vc_column_inner][vc_column_inner width=\u00a0\u00bb1\/6&Prime;][\/vc_column_inner][\/vc_row_inner][vc_row_inner][vc_column_inner][vc_message css_animation=\u00a0\u00bbfadeIn\u00a0\u00bb]<\/p>\n<h5><span data-olk-copy-source=\"MessageBody\"><a href=\"https:\/\/trajectoire.sante-ra.fr\/trajectoire\/default.aspx\"><img decoding=\"async\" loading=\"lazy\" class=\" wp-image-10807 alignleft\" src=\"https:\/\/www.kalitepouviv.fr\/wp-content\/uploads\/2026\/03\/via-trajectoire-300x99.png\" alt=\"\" width=\"245\" height=\"81\" srcset=\"https:\/\/www.kalitepouviv.fr\/wp-content\/uploads\/2026\/03\/via-trajectoire-300x99.png 300w, https:\/\/www.kalitepouviv.fr\/wp-content\/uploads\/2026\/03\/via-trajectoire.png 392w\" sizes=\"(max-width: 245px) 100vw, 245px\" \/><\/a>Les m\u00e9decins ont la possibilit\u00e9 de faire l&rsquo;orientation directement sur l&rsquo;application <a href=\"https:\/\/trajectoire.sante-ra.fr\/trajectoire\/default.aspx\">VIA TRAJECTOIRE<\/a>, module TND\u00a0 pour les 2 PCO. <\/span><a href=\"https:\/\/www.kalitepouviv.fr\/wp-content\/uploads\/2026\/03\/30122025_VT_TND_Prescripteurs.pptx-1.pdf\">Cliquez et d\u00e9couvrez<\/a> la facilit\u00e9 de cette application !<\/h5>\n<p>[\/vc_message][\/vc_column_inner][\/vc_row_inner][vc_separator border_width=\u00a0\u00bb6&Prime; css=\u00a0\u00bb.vc_custom_1584031931349{padding-top: 20px !important;}\u00a0\u00bb][\/vc_column][vc_column][\/vc_column][\/vc_row][vc_row css=\u00a0\u00bb.vc_custom_1584496353761{margin-top: -50px !important;}\u00a0\u00bb][vc_column][vc_column_text]<\/p>\n<h2><span style=\"color: #339966;\"><img decoding=\"async\" loading=\"lazy\" class=\"alignnone wp-image-10734 \" src=\"https:\/\/www.kalitepouviv.fr\/wp-content\/uploads\/2026\/03\/1-300x300.png\" alt=\"\" width=\"195\" height=\"195\" srcset=\"https:\/\/www.kalitepouviv.fr\/wp-content\/uploads\/2026\/03\/1-300x300.png 300w, https:\/\/www.kalitepouviv.fr\/wp-content\/uploads\/2026\/03\/1-150x150.png 150w, https:\/\/www.kalitepouviv.fr\/wp-content\/uploads\/2026\/03\/1-200x200.png 200w, https:\/\/www.kalitepouviv.fr\/wp-content\/uploads\/2026\/03\/1.png 500w\" sizes=\"(max-width: 195px) 100vw, 195px\" \/>Adressage d&rsquo;un enfant de 7 \u00e0 11 ans<\/span><\/h2>\n<p>[\/vc_column_text][vc_column_text css=\u00a0\u00bb.vc_custom_1773919107593{background-color: #c8edbb !important;}\u00a0\u00bb]<\/p>\n<div data-olk-copy-source=\"MessageBody\">\n<div><span data-olk-copy-source=\"MessageBody\">L\u2019entr\u00e9e dans la PCO concerne les enfants pr\u00e9sentant :<\/span><\/div>\n<ul data-spread=\"false\">\n<li>\n<div role=\"presentation\">des difficult\u00e9s d\u2019apprentissage importantes, persistantes et durables,<\/div>\n<\/li>\n<li>\n<div role=\"presentation\">susceptibles d\u2019\u00eatre li\u00e9es \u00e0 un Trouble du Neurod\u00e9veloppement (TND),<\/div>\n<\/li>\n<li>\n<div role=\"presentation\">et qui perdurent malgr\u00e9 les aides d\u00e9j\u00e0 mises en place \u00e0 l\u2019\u00e9cole (PPRE, RASED, PAP, p\u00e9dagogie diff\u00e9renci\u00e9e, am\u00e9nagements p\u00e9dagogiques\u2026).<\/div>\n<\/li>\n<\/ul>\n<p><span data-olk-copy-source=\"MessageBody\">L\u2019orientation vers la Plateforme de Coordination et d\u2019Orientation des troubles du neuro-d\u00e9veloppement (PCO TND) se fait via l\u2019\u00c9ducation nationale.<\/span><\/p>\n<\/div>\n<p>[\/vc_column_text][vc_column_text]<img decoding=\"async\" loading=\"lazy\" class=\"wp-image-10779 size-medium alignright\" src=\"https:\/\/www.kalitepouviv.fr\/wp-content\/uploads\/2026\/03\/livret-adressage-image-211x300.png\" alt=\"\" width=\"211\" height=\"300\" srcset=\"https:\/\/www.kalitepouviv.fr\/wp-content\/uploads\/2026\/03\/livret-adressage-image-211x300.png 211w, https:\/\/www.kalitepouviv.fr\/wp-content\/uploads\/2026\/03\/livret-adressage-image.png 639w\" sizes=\"(max-width: 211px) 100vw, 211px\" \/>Pour aider au rep\u00e9rage et pour guider au mieux, un livret a \u00e9t\u00e9 cr\u00e9\u00e9 pour r\u00e9pondre aux interrogations ou aux inqui\u00e9tudes sur la sant\u00e9 de votre enfant, de votre \u00e9l\u00e8ve, de votre patient, sur son comportement, sur ses r\u00e9sultats scolaires\u2026<br \/>\n\u2026 certains signes peuvent \u00e9voquer un trouble du neuro-d\u00e9veloppement (<a href=\"https:\/\/www.kalitepouviv.fr\/index.php\/quest-ce-que-la-pco-tnd\/\">TND<\/a>) 971.<\/p>\n<p>G\u00e9n\u00e9ralement, des difficult\u00e9s sont rep\u00e9r\u00e9es par <strong>l&rsquo;enseignante<\/strong> et discut\u00e9es lors d&rsquo;une <strong>\u00e9quipe \u00e9ducative<\/strong>, qui doivent compl\u00e9ter le volet \u00ab\u00a0Enseignant\u00a0\u00bb.<br \/>\n<strong>Le parent<\/strong> inform\u00e9 de cette d\u00e9marche doit ensuite compl\u00e9ter 3 documents : le volet \u00ab\u00a0Famille\u00a0\u00bb, la charte d&rsquo;adh\u00e9sion patient et le dossier famille.<br \/>\nA l&rsquo;appui de ces 4 documents, le parent consulte <strong>le m\u00e9decin traitant, scolaire, p\u00e9diatre, PMI&#8230;<\/strong>\u00a0 qui remplit le volet \u00ab\u00a0M\u00e9decin\u00a0\u00bb et le formulaire d&rsquo;adressage.<\/p>\n<p>&nbsp;<\/p>\n<p>Enfin, le dossier complet (c&rsquo;est \u00e0 dire les 6 documents compl\u00e9ter) est transmis par la famille \u00e0 la PCO soit :<\/p>\n<ul>\n<li>Par mail\u00a0: pco971@kalitepouviv.fr<\/li>\n<li>Par courrier postal : Complexe de services m\u00e9dico-sociaux L\u00e9 Koklaya \u2013 Service PCO &#8211; Rue de la Poterie &#8211; Providence 97139 LES ABYMES<\/li>\n<li>En d\u00e9posant directement le dossier \u00e0 l\u2019accueil\u00a0: Rue de la Poterie &#8211; Providence 97139 LES ABYMES<\/li>\n<\/ul>\n<p>[\/vc_column_text][vc_column_text]<\/p>\n<h5><strong>6 documents obligatoires sont \u00e0 t\u00e9l\u00e9charger et \u00e0 compl\u00e9ter pour pr\u00e9senter le dossier \u00e0 la PCO :\u00a0<\/strong><\/h5>\n<ul>\n<li><a href=\"https:\/\/www.kalitepouviv.fr\/wp-content\/uploads\/2026\/03\/Volet-Enseignant-7-11-ans_01.pdf\">Le dossier d&rsquo;adressage &#8211; Volet Enseignant<\/a><\/li>\n<li><a href=\"https:\/\/www.kalitepouviv.fr\/wp-content\/uploads\/2026\/03\/Volet-Famille-7-11-ans_01.pdf\">Le dossier d&rsquo;adressage &#8211; Volet Famille<\/a><\/li>\n<li><a href=\"https:\/\/www.kalitepouviv.fr\/wp-content\/uploads\/2026\/03\/Charte-des-patients-PDF.pdf\">Charte adh\u00e9sion patient<\/a><\/li>\n<li><a href=\"https:\/\/www.kalitepouviv.fr\/wp-content\/uploads\/2024\/03\/Dossier-famille-PCO-TND.pdf\">Le dossier famille<\/a><\/li>\n<li><a href=\"https:\/\/www.kalitepouviv.fr\/wp-content\/uploads\/2026\/03\/Volet-Medecin-7-11-ans_01.pdf\">Le dossier d&rsquo;adressage &#8211; Volet M\u00e9decin<\/a><\/li>\n<li>\u00a0<a href=\"https:\/\/www.kalitepouviv.fr\/wp-content\/uploads\/2026\/03\/Formulaire-d_adressage-7-11-ans_01.pdf\">Formulaire d&rsquo;adressage<\/a><\/li>\n<\/ul>\n<p>[\/vc_column_text][vc_row_inner][vc_column_inner width=\u00a0\u00bb1\/6&Prime;][vc_single_image image=\u00a0\u00bb10783&Prime; onclick=\u00a0\u00bbcustom_link\u00a0\u00bb link=\u00a0\u00bbhttps:\/\/www.kalitepouviv.fr\/wp-content\/uploads\/2026\/03\/Volet-Enseignant-7-11-ans_01.pdf\u00a0\u00bb][\/vc_column_inner][vc_column_inner width=\u00a0\u00bb1\/6&Prime;][vc_single_image image=\u00a0\u00bb10787&Prime; onclick=\u00a0\u00bbcustom_link\u00a0\u00bb link=\u00a0\u00bbhttps:\/\/www.kalitepouviv.fr\/wp-content\/uploads\/2026\/03\/Volet-Famille-7-11-ans_01.pdf\u00a0\u00bb][\/vc_column_inner][vc_column_inner width=\u00a0\u00bb1\/6&Prime;][vc_single_image image=\u00a0\u00bb10769&Prime; onclick=\u00a0\u00bbcustom_link\u00a0\u00bb link=\u00a0\u00bbhttps:\/\/www.kalitepouviv.fr\/wp-content\/uploads\/2026\/03\/Charte-des-patients-PDF.pdf\u00a0\u00bb][\/vc_column_inner][vc_column_inner width=\u00a0\u00bb1\/6&Prime;][vc_single_image image=\u00a0\u00bb10177&Prime; onclick=\u00a0\u00bbcustom_link\u00a0\u00bb link=\u00a0\u00bbhttps:\/\/www.kalitepouviv.fr\/wp-content\/uploads\/2024\/03\/Dossier-famille-PCO-TND.pdf\u00a0\u00bb][\/vc_column_inner][vc_column_inner width=\u00a0\u00bb1\/6&Prime;][vc_single_image image=\u00a0\u00bb10786&Prime; onclick=\u00a0\u00bbcustom_link\u00a0\u00bb link=\u00a0\u00bbhttps:\/\/www.kalitepouviv.fr\/wp-content\/uploads\/2026\/03\/Volet-Medecin-7-11-ans_01.pdf\u00a0\u00bb][\/vc_column_inner][vc_column_inner width=\u00a0\u00bb1\/6&Prime;][vc_single_image image=\u00a0\u00bb10784&Prime; onclick=\u00a0\u00bbcustom_link\u00a0\u00bb link=\u00a0\u00bbhttps:\/\/www.kalitepouviv.fr\/wp-content\/uploads\/2026\/03\/Formulaire-d_adressage-7-11-ans_01.pdf\u00a0\u00bb][\/vc_column_inner][\/vc_row_inner][\/vc_column][\/vc_row][vc_row][vc_column css_animation=\u00a0\u00bbfadeIn\u00a0\u00bb][vc_message css_animation=\u00a0\u00bbfadeIn\u00a0\u00bb]<\/p>\n<h5><span data-olk-copy-source=\"MessageBody\"><a href=\"https:\/\/trajectoire.sante-ra.fr\/trajectoire\/default.aspx\"><img decoding=\"async\" loading=\"lazy\" class=\" wp-image-10807 alignleft\" src=\"https:\/\/www.kalitepouviv.fr\/wp-content\/uploads\/2026\/03\/via-trajectoire-300x99.png\" alt=\"\" width=\"245\" height=\"81\" srcset=\"https:\/\/www.kalitepouviv.fr\/wp-content\/uploads\/2026\/03\/via-trajectoire-300x99.png 300w, https:\/\/www.kalitepouviv.fr\/wp-content\/uploads\/2026\/03\/via-trajectoire.png 392w\" sizes=\"(max-width: 245px) 100vw, 245px\" \/><\/a>Les m\u00e9decins ont la possibilit\u00e9 de faire l&rsquo;orientation directement sur l&rsquo;application <a href=\"https:\/\/trajectoire.sante-ra.fr\/trajectoire\/default.aspx\">VIA TRAJECTOIRE<\/a>, module TND\u00a0 pour les 2 PCO. <\/span><a href=\"https:\/\/www.kalitepouviv.fr\/wp-content\/uploads\/2026\/03\/30122025_VT_TND_Prescripteurs.pptx-1.pdf\">Cliquez et d\u00e9couvrez<\/a> la facilit\u00e9 de cette application !<\/h5>\n<p>[\/vc_message][\/vc_column][\/vc_row]<\/p>\n<\/section>","protected":false},"excerpt":{"rendered":"<p>[vc_row css=\u00a0\u00bb.vc_custom_1584496353761{margin-top: -50px !important;}\u00a0\u00bb][vc_column][vc_column_text] Adressage d&rsquo;un enfant de 0 \u00e0 6 ans [\/vc_column_text][vc_column_text css=\u00a0\u00bb.vc_custom_1773918927537{background-color: #c8edbb !important;}\u00a0\u00bb] L\u2019entr\u00e9e dans la PCO 0\u20116 ans concerne les enfants qui pr\u00e9sentent des difficult\u00e9s dans la vie quotidienne ou \u00e0 l\u2019\u00e9cole, par exemple : Votre enfant ne comprend pas tout ce qu\u2019on lui dit Il est tr\u00e8s agit\u00e9 ou a&#8230;<\/p>\n","protected":false},"author":2,"featured_media":0,"parent":0,"menu_order":0,"comment_status":"closed","ping_status":"closed","template":"","meta":[],"_links":{"self":[{"href":"https:\/\/www.kalitepouviv.fr\/index.php\/wp-json\/wp\/v2\/pages\/10712"}],"collection":[{"href":"https:\/\/www.kalitepouviv.fr\/index.php\/wp-json\/wp\/v2\/pages"}],"about":[{"href":"https:\/\/www.kalitepouviv.fr\/index.php\/wp-json\/wp\/v2\/types\/page"}],"author":[{"embeddable":true,"href":"https:\/\/www.kalitepouviv.fr\/index.php\/wp-json\/wp\/v2\/users\/2"}],"replies":[{"embeddable":true,"href":"https:\/\/www.kalitepouviv.fr\/index.php\/wp-json\/wp\/v2\/comments?post=10712"}],"version-history":[{"count":76,"href":"https:\/\/www.kalitepouviv.fr\/index.php\/wp-json\/wp\/v2\/pages\/10712\/revisions"}],"predecessor-version":[{"id":10880,"href":"https:\/\/www.kalitepouviv.fr\/index.php\/wp-json\/wp\/v2\/pages\/10712\/revisions\/10880"}],"wp:attachment":[{"href":"https:\/\/www.kalitepouviv.fr\/index.php\/wp-json\/wp\/v2\/media?parent=10712"}],"curies":[{"name":"wp","href":"https:\/\/api.w.org\/{rel}","templated":true}]}}