{"id":7422,"date":"2019-10-24T06:20:15","date_gmt":"2019-10-24T10:20:15","guid":{"rendered":"http:\/\/kalitepouviv.org\/proposition2\/?page_id=7422"},"modified":"2022-06-16T10:06:17","modified_gmt":"2022-06-16T14:06:17","slug":"le-complexe-le-koklaya","status":"publish","type":"page","link":"https:\/\/www.kalitepouviv.fr\/index.php\/le-complexe-le-koklaya\/","title":{"rendered":"Le complexe L\u00e9 Koklaya"},"content":{"rendered":"\n<figure class=\"wp-block-image is-resized\"><img decoding=\"async\" loading=\"lazy\" src=\"https:\/\/www.kalitepouviv.fr\/wp-content\/uploads\/2019\/10\/logo-koklaya.jpg\" alt=\"\" class=\"wp-image-7425\" width=\"455\" height=\"166\" srcset=\"https:\/\/www.kalitepouviv.fr\/wp-content\/uploads\/2019\/10\/logo-koklaya.jpg 940w, https:\/\/www.kalitepouviv.fr\/wp-content\/uploads\/2019\/10\/logo-koklaya-300x110.jpg 300w, https:\/\/www.kalitepouviv.fr\/wp-content\/uploads\/2019\/10\/logo-koklaya-768x281.jpg 768w\" sizes=\"(max-width: 455px) 100vw, 455px\" \/><\/figure>\n\n\n\n<p>Le complexe de service m\u00e9dico-sociaux (CSMS) L\u00e9 KOKLAYA, rencontre de trois structures m\u00e9dico-sociales\u00a0: le SESSAD Lanb\u00e9li, le CAMSP Ren\u00e9 Haltebourg, le SESSAD Ren\u00e9 Haltebourg, est con\u00e7u comme une <em>plateforme de services<\/em> form\u00e9e par des dispositifs de s<strong>oins et d\u2019accompagnement \u00e9ducatif et social <\/strong>(SAES). <\/p>\n\n\n\n<p>Les services de L\u00e9 KOKLAYA s\u2019adressent en\npremier lieu \u00e0 des enfants, adolescents et jeunes adultes qui p\u00e2tissent d\u2019un\ntrouble du d\u00e9veloppement, d\u2019une d\u00e9ficience invalidante, ou d\u2019une maladie\nchronique, ou qui pr\u00e9sentent des caract\u00e9ristiques de d\u00e9veloppement qui\nn\u00e9cessitent le recours \u00e0 des dispositifs m\u00e9dicosociaux.<\/p>\n\n\n\n<p>Ces services s\u2019adressent aussi aux tiers\nconcern\u00e9s par la situation du b\u00e9n\u00e9ficiaire, tels les parents, fr\u00e8res et s\u0153urs, et\nautres proches, ainsi qu\u2019aux professionnels et autres acteurs participant \u00e0 son\nprojet. <\/p>\n\n\n\n<p>Conform\u00e9ment aux orientations du projet de\nKALITEPOUVIV, les services de L\u00e9 KOKLAYA sont con\u00e7us pour contribuer aussi \u00e0 des\nplateformes collaboratives de diagnostic,&nbsp;d\u2019accompagnement m\u00e9dicosocial ou\nd\u2019appui aux besoins des partenaires du territoire.<\/p>\n\n\n\n<p>L\u2019organisation du CSMS vise \u00e0&nbsp;:<\/p>\n\n\n\n<ul><li>Garantir\nla continuit\u00e9 du parcours de soins et d\u2019accompagnement \u00e9ducatif et social, par\nun syst\u00e8me de passerelles verticales et horizontales qui d\u00e9passe les logiques\nde structures,<\/li><li>Am\u00e9liorer\nla couverture de SAES par la mise en synergie des comp\u00e9tences professionnelles,<\/li><li>Cr\u00e9er\nles conditions d\u2019une offre de modalit\u00e9s diverses de SAES qui se traduit par\nl\u2019\u00e9mergence de dispositifs variables et en fonctionnement s\u00e9quentiel, tels ceux\nvisant au renforcement de la r\u00e9\u00e9ducation, sans rupture de la scolarit\u00e9.<\/li><\/ul>\n\n\n\n<figure class=\"wp-block-image\"><img decoding=\"async\" loading=\"lazy\" width=\"913\" height=\"263\" src=\"https:\/\/www.kalitepouviv.fr\/wp-content\/uploads\/2019\/10\/phrise-complexe.jpg\" alt=\"\" class=\"wp-image-7427\" srcset=\"https:\/\/www.kalitepouviv.fr\/wp-content\/uploads\/2019\/10\/phrise-complexe.jpg 913w, https:\/\/www.kalitepouviv.fr\/wp-content\/uploads\/2019\/10\/phrise-complexe-300x86.jpg 300w, https:\/\/www.kalitepouviv.fr\/wp-content\/uploads\/2019\/10\/phrise-complexe-768x221.jpg 768w\" sizes=\"(max-width: 913px) 100vw, 913px\" \/><\/figure>\n\n\n\n<p><\/p>\n","protected":false},"excerpt":{"rendered":"<p>Le complexe de service m\u00e9dico-sociaux (CSMS) L\u00e9 KOKLAYA, rencontre de trois structures m\u00e9dico-sociales\u00a0: le SESSAD Lanb\u00e9li, le CAMSP Ren\u00e9 Haltebourg, le SESSAD Ren\u00e9 Haltebourg, est con\u00e7u comme une plateforme de services form\u00e9e par des dispositifs de soins et d\u2019accompagnement \u00e9ducatif et social (SAES). Les services de L\u00e9 KOKLAYA s\u2019adressent en premier lieu \u00e0 des enfants,&#8230;<\/p>\n","protected":false},"author":1,"featured_media":0,"parent":0,"menu_order":0,"comment_status":"closed","ping_status":"closed","template":"","meta":[],"_links":{"self":[{"href":"https:\/\/www.kalitepouviv.fr\/index.php\/wp-json\/wp\/v2\/pages\/7422"}],"collection":[{"href":"https:\/\/www.kalitepouviv.fr\/index.php\/wp-json\/wp\/v2\/pages"}],"about":[{"href":"https:\/\/www.kalitepouviv.fr\/index.php\/wp-json\/wp\/v2\/types\/page"}],"author":[{"embeddable":true,"href":"https:\/\/www.kalitepouviv.fr\/index.php\/wp-json\/wp\/v2\/users\/1"}],"replies":[{"embeddable":true,"href":"https:\/\/www.kalitepouviv.fr\/index.php\/wp-json\/wp\/v2\/comments?post=7422"}],"version-history":[{"count":8,"href":"https:\/\/www.kalitepouviv.fr\/index.php\/wp-json\/wp\/v2\/pages\/7422\/revisions"}],"predecessor-version":[{"id":9718,"href":"https:\/\/www.kalitepouviv.fr\/index.php\/wp-json\/wp\/v2\/pages\/7422\/revisions\/9718"}],"wp:attachment":[{"href":"https:\/\/www.kalitepouviv.fr\/index.php\/wp-json\/wp\/v2\/media?parent=7422"}],"curies":[{"name":"wp","href":"https:\/\/api.w.org\/{rel}","templated":true}]}}