{"id":8833,"date":"2020-05-15T08:08:36","date_gmt":"2020-05-15T12:08:36","guid":{"rendered":"https:\/\/www.kalitepouviv.fr\/?page_id=8833"},"modified":"2020-05-25T07:33:41","modified_gmt":"2020-05-25T11:33:41","slug":"expliquer-le-coronavirus-le-deconfinement-et-les-gestes-barrieres-aux-enfants","status":"publish","type":"page","link":"https:\/\/www.kalitepouviv.fr\/index.php\/expliquer-le-coronavirus-le-deconfinement-et-les-gestes-barrieres-aux-enfants\/","title":{"rendered":"Expliquer le coronavirus, le d\u00e9confinement et les gestes barri\u00e8res aux enfants"},"content":{"rendered":"<section class=\"wpb-content-wrapper\"><p>[vc_row][vc_column][vc_column_text]<\/p>\n<h3>Expliquer le Coronavirus aux enfants<\/h3>\n<ul>\n<li><a href=\"https:\/\/www.kalitepouviv.fr\/wp-content\/uploads\/2020\/03\/Le-COVID-19-change-notre-quotidien-1.pdf\">Le COVID-19 change notre quotidien<\/a><\/li>\n<li><a href=\"https:\/\/www.kalitepouviv.fr\/wp-content\/uploads\/2020\/03\/Expliquer-le-coronavirus-et-le-confinement-aux-enfants.pdf\">Expliquer le coronavirus et le confinement aux enfants<\/a> : une explication dessin\u00e9e<\/li>\n<li><a href=\"https:\/\/www.youtube.com\/watch?time_continue=4&amp;v=xijPWdvMzSo&amp;feature=emb_logo\">Le coronavirus expliqu\u00e9 aux enfants <strong>en LSF<\/strong><\/a><\/li>\n<li><a href=\"https:\/\/www.kalitepouviv.fr\/wp-content\/uploads\/2020\/03\/COVID-19-zones-dexposition-\u00e0-risque.pdf\">COVID-19 -zones d&rsquo;exposition \u00e0 risque<\/a><\/li>\n<li><a href=\"https:\/\/www.craif.org\/covid-19-258\">Un dossier complet propos\u00e9 par le CRA d&rsquo;Ile de France<\/a><\/li>\n<li><a href=\"https:\/\/www.kalitepouviv.fr\/wp-content\/uploads\/2020\/03\/Dispositif-COVIPSY-Brochure-explicative.pdf\">Dispositif-COVIPSY-Brochure-explicative<\/a> : comment parler \u00e0 vos enfants, \u00e0 votre famille?<\/li>\n<li><a href=\"https:\/\/www.kalitepouviv.fr\/wp-content\/uploads\/2020\/04\/Coronavirus-activit\u00e9s-\u00e0-ins\u00e9rer.pdf\">Coronavirus- activit\u00e9s \u00e0 ins\u00e9rer<\/a><\/li>\n<\/ul>\n<p>[\/vc_column_text][vc_separator border_width=\u00a0\u00bb5&Prime;][\/vc_column][\/vc_row][vc_row][vc_column][vc_column_text]<\/p>\n<h3>Expliquer et s&rsquo;entrainer aux gestes barri\u00e8res<\/h3>\n<ul>\n<li><a href=\"https:\/\/www.pedopsydebre.org\/post\/comment-r%C3%A9ussir-son-d%C3%A9confinement-l-apprentissage-des-gestes-barri%C3%A8res-aux-enfants?fbclid=IwAR2qDEwjXqPOE5WB4W2KR5vZxPo1dYTCvGX_hWbJFqh50HaM68Nhe1uMNKw\">D\u00e9confinement, gestes barri\u00e8res \u00e0 la maison et \u00e0 l\u2019\u00e9cole<\/a> \u2013 Centre d\u2019excellence des troubles du neurod\u00e9veloppement de l\u2019H\u00f4pital Robert Debr\u00e9<\/li>\n<li><strong>[FALC] <\/strong><a href=\"https:\/\/santebd.org\/wp-content\/themes\/SanteBD_v2_0\/files\/coronavirus\/coronavirus_gestes_simples.pdf\">Les gestes simples contre le coronavirus<\/a> \u2013 SanteBD<\/li>\n<li><strong>[FALC] <\/strong><a href=\"https:\/\/www.ideereka.com\/animate\/memory-gestes-barrieres\/\">Le memory des gestes barri\u00e8res \u00e0 imprimer<\/a> \u2013 Animate<br \/>\n<em>Un memory des gestes barri\u00e8res adapt\u00e9e aux enfants ayant des besoins sp\u00e9cifiques pour apprendre de fa\u00e7on ludique. A imprimer gratuitement.<\/em><\/li>\n<li><strong>[FALC] <\/strong><a href=\"https:\/\/comprendrelautisme.com\/lhygiene-des-mains-deux-tutoriels-pour-le-lavage-des-mains\/\" target=\"_blank\" rel=\"noopener noreferrer\">L\u2019hygi\u00e8ne des mains : deux tutoriels pour le lavage des mains<\/a> \u2013 Blog Comprendre l\u2019Autisme<\/li>\n<li><strong>[VID\u00c9O]<\/strong> <a href=\"https:\/\/gncra.fr\/mediatheque\/lexperience-des-microbes-expliquer-le-lavage-des-mains\/\">Expliquer l\u2019importance de se laver les mains<\/a> \u2013 Nos p\u2019tits loups s\u2019\u00e9veillent<\/li>\n<\/ul>\n<p><iframe loading=\"lazy\" src=\"https:\/\/www.youtube.com\/embed\/BuqsMV4hMjA\" width=\"560\" height=\"315\" frameborder=\"0\" allowfullscreen=\"allowfullscreen\"><\/iframe>[\/vc_column_text][vc_separator border_width=\u00a0\u00bb5&Prime;][\/vc_column][\/vc_row][vc_row][vc_column][vc_column_text]<\/p>\n<h3><img decoding=\"async\" loading=\"lazy\" class=\"wp-image-8781 size-medium alignleft\" src=\"https:\/\/www.kalitepouviv.fr\/wp-content\/uploads\/2020\/04\/Habituer-au-port-du-masque-233x300.jpg\" alt=\"\" width=\"233\" height=\"300\" srcset=\"https:\/\/www.kalitepouviv.fr\/wp-content\/uploads\/2020\/04\/Habituer-au-port-du-masque-233x300.jpg 233w, https:\/\/www.kalitepouviv.fr\/wp-content\/uploads\/2020\/04\/Habituer-au-port-du-masque-768x988.jpg 768w, https:\/\/www.kalitepouviv.fr\/wp-content\/uploads\/2020\/04\/Habituer-au-port-du-masque-796x1024.jpg 796w, https:\/\/www.kalitepouviv.fr\/wp-content\/uploads\/2020\/04\/Habituer-au-port-du-masque.jpg 995w\" sizes=\"(max-width: 233px) 100vw, 233px\" \/>Expliquer et s&rsquo;entrainer au port du masque<\/h3>\n<p>D&rsquo;apr\u00e8s les premiers \u00e9chos du minist\u00e8re, il sera tr\u00e8s souvent utile et n\u00e9cessaire de porter le masque. Cette pratique n&rsquo;est pas ais\u00e9e pour les enfants, petits ou jeunes, et encore moins pour les enfants qui pr\u00e9sentent des troubles du neuro-d\u00e9veloppement et\/ou toutes autres pathologies. <strong>Il est donc conseill\u00e9 aux parents d&rsquo;habituer l&rsquo;enfant aux ports du masque, et ce progressivement.<\/strong><\/p>\n<p>Voici d&rsquo;autres ressources int\u00e9ressantes:<\/p>\n<ul>\n<li><a href=\"https:\/\/www.gouvernement.fr\/info-coronavirus\/masques-grand-public\" target=\"_blank\" rel=\"noopener noreferrer\">Information Masques grand public<\/a> \u2013 Site du Gouvernement<\/li>\n<li><a href=\"http:\/\/www.ceresa.fr\/wp-content\/uploads\/2020\/04\/Habituer-lenfant-%C3%A0-mettre-le-masque.pdf\">Habituer l&rsquo;enfant au port du masque<\/a> &#8211; CERESA<\/li>\n<li><strong>[FALC] <\/strong><a href=\"https:\/\/www.cerpea.com\/download\/Masques-jetables-simplifie-CERPEA.pdf\">Comment utiliser un masque<\/a> \u2013 Elise NOIROT \u2013 Neuropsychologue et Margarida ROXO \u2013 Ergoth\u00e9rapeute<\/li>\n<li><a href=\"https:\/\/autismeautonomie.wordpress.com\/2020\/04\/24\/mise-a-jour-amorcer-lenseignement-du-port-et-du-retrait-du-masque\/?fbclid=IwAR2YKqEVg8gW5D4Wvxvr299d49MKfzPoOSIkQg0nu3huX-YlBNwA_TL14MY\">Amorcer l\u2019enseignement du port et du retrait du masque<\/a> \u2013 Autisme Autonomie<\/li>\n<li><a href=\"http:\/\/www.ceresa.fr\/wp-content\/uploads\/2020\/04\/Habituer-lenfant-%C3%A0-mettre-le-masque.pdf\">Habituer votre enfant au port du masque<\/a> \u2013 Ceresa<\/li>\n<li><a href=\"https:\/\/www.cra.bzh\/sites\/default\/files\/inline\/Ressources\/CRA%20Bretagne_exposition%20progressive%20masque.pdf\" target=\"_blank\" rel=\"noopener noreferrer\">Protocole d\u2019exposition progressive au port du masque de protection<\/a> \u2013 CRA Bretagne<\/li>\n<li><strong><strong>[VID\u00c9O] <\/strong><\/strong><a href=\"https:\/\/www.youtube.com\/watch?v=BuqsMV4hMjA&amp;feature=youtu.be\">An Tan Corona: et les masques? et quels masques? on vous dit tout<\/a> &#8211;\u00a0 URPS Guadeloupe<\/li>\n<\/ul>\n<p>[\/vc_column_text][vc_separator border_width=\u00a0\u00bb5&Prime;][\/vc_column][\/vc_row][vc_row][vc_column][vc_column_text]<\/p>\n<h3><img decoding=\"async\" loading=\"lazy\" class=\"size-medium wp-image-8796 alignright\" src=\"https:\/\/www.kalitepouviv.fr\/wp-content\/uploads\/2020\/04\/virus-5046926_1920-300x192.jpg\" alt=\"\" width=\"300\" height=\"192\" srcset=\"https:\/\/www.kalitepouviv.fr\/wp-content\/uploads\/2020\/04\/virus-5046926_1920-300x192.jpg 300w, https:\/\/www.kalitepouviv.fr\/wp-content\/uploads\/2020\/04\/virus-5046926_1920-768x492.jpg 768w, https:\/\/www.kalitepouviv.fr\/wp-content\/uploads\/2020\/04\/virus-5046926_1920-1024x657.jpg 1024w, https:\/\/www.kalitepouviv.fr\/wp-content\/uploads\/2020\/04\/virus-5046926_1920.jpg 1920w\" sizes=\"(max-width: 300px) 100vw, 300px\" \/>Confection artisanale de masques : des recommandations sp\u00e9cifiques de l&rsquo;<a href=\"https:\/\/www.afnor.org\/\">AFNOR<\/a> pour leur cr\u00e9ation<\/h3>\n<p>L&rsquo;Agence Fran\u00e7aise de Normalisation (AFNOR) met \u00e0 disposition gratuitement un r\u00e9f\u00e9rentiel pour faciliter et acc\u00e9l\u00e9rer la fabrication en s\u00e9rie ou artisanale d\u2019un nouveau mod\u00e8le de masque, dit \u00ab masque barri\u00e8re \u00bb. Celui-ci vise prot\u00e9ger la population saine, en compl\u00e9ment des indispensables gestes barri\u00e8res face au Coronavirus.<br \/>\n<strong><a href=\"https:\/\/www.kalitepouviv.fr\/wp-content\/uploads\/2020\/04\/Confectionner-un-masque-selon-les-recommandations-de-lAFNOR.pdf\">T\u00e9l\u00e9charger la recommandation de l&rsquo;AFNOR pour la confection des masques en cliquant ici.<\/a><\/strong>[\/vc_column_text][\/vc_column][\/vc_row]<\/p>\n<\/section>","protected":false},"excerpt":{"rendered":"<p>[vc_row][vc_column][vc_column_text] Expliquer le Coronavirus aux enfants Le COVID-19 change notre quotidien Expliquer le coronavirus et le confinement aux enfants : une explication dessin\u00e9e Le coronavirus expliqu\u00e9 aux enfants en LSF COVID-19 -zones d&rsquo;exposition \u00e0 risque Un dossier complet propos\u00e9 par le CRA d&rsquo;Ile de France Dispositif-COVIPSY-Brochure-explicative : comment parler \u00e0 vos enfants, \u00e0 votre famille?&#8230;<\/p>\n","protected":false},"author":2,"featured_media":0,"parent":0,"menu_order":0,"comment_status":"closed","ping_status":"closed","template":"","meta":[],"_links":{"self":[{"href":"https:\/\/www.kalitepouviv.fr\/index.php\/wp-json\/wp\/v2\/pages\/8833"}],"collection":[{"href":"https:\/\/www.kalitepouviv.fr\/index.php\/wp-json\/wp\/v2\/pages"}],"about":[{"href":"https:\/\/www.kalitepouviv.fr\/index.php\/wp-json\/wp\/v2\/types\/page"}],"author":[{"embeddable":true,"href":"https:\/\/www.kalitepouviv.fr\/index.php\/wp-json\/wp\/v2\/users\/2"}],"replies":[{"embeddable":true,"href":"https:\/\/www.kalitepouviv.fr\/index.php\/wp-json\/wp\/v2\/comments?post=8833"}],"version-history":[{"count":24,"href":"https:\/\/www.kalitepouviv.fr\/index.php\/wp-json\/wp\/v2\/pages\/8833\/revisions"}],"predecessor-version":[{"id":8911,"href":"https:\/\/www.kalitepouviv.fr\/index.php\/wp-json\/wp\/v2\/pages\/8833\/revisions\/8911"}],"wp:attachment":[{"href":"https:\/\/www.kalitepouviv.fr\/index.php\/wp-json\/wp\/v2\/media?parent=8833"}],"curies":[{"name":"wp","href":"https:\/\/api.w.org\/{rel}","templated":true}]}}

Expliquer le coronavirus, le déconfinement et les gestes barrières aux enfants

<section class="wpb-content-wrapper"><p>[vc_row][vc_column][vc_column_text]</p>
<h3>Expliquer le Coronavirus aux enfants</h3>
<ul>
<li><a href="https://www.kalitepouviv.fr/wp-content/uploads/2020/03/Le-COVID-19-change-notre-quotidien-1.pdf">Le COVID-19 change notre quotidien</a></li>
<li><a href="https://www.kalitepouviv.fr/wp-content/uploads/2020/03/Expliquer-le-coronavirus-et-le-confinement-aux-enfants.pdf">Expliquer le coronavirus et le confinement aux enfants</a> : une explication dessinée</li>
<li><a href="https://www.youtube.com/watch?time_continue=4&amp;v=xijPWdvMzSo&amp;feature=emb_logo">Le coronavirus expliqué aux enfants <strong>en LSF</strong></a></li>
<li><a href="https://www.kalitepouviv.fr/wp-content/uploads/2020/03/COVID-19-zones-dexposition-à-risque.pdf">COVID-19 -zones d&rsquo;exposition à risque</a></li>
<li><a href="https://www.craif.org/covid-19-258">Un dossier complet proposé par le CRA d&rsquo;Ile de France</a></li>
<li><a href="https://www.kalitepouviv.fr/wp-content/uploads/2020/03/Dispositif-COVIPSY-Brochure-explicative.pdf">Dispositif-COVIPSY-Brochure-explicative</a> : comment parler à vos enfants, à votre famille?</li>
<li><a href="https://www.kalitepouviv.fr/wp-content/uploads/2020/04/Coronavirus-activités-à-insérer.pdf">Coronavirus- activités à insérer</a></li>
</ul>
<p>[/vc_column_text][vc_separator border_width= »5&Prime;][/vc_column][/vc_row][vc_row][vc_column][vc_column_text]</p>
<h3>Expliquer et s&rsquo;entrainer aux gestes barrières</h3>
<ul>
<li><a href="https://www.pedopsydebre.org/post/comment-r%C3%A9ussir-son-d%C3%A9confinement-l-apprentissage-des-gestes-barri%C3%A8res-aux-enfants?fbclid=IwAR2qDEwjXqPOE5WB4W2KR5vZxPo1dYTCvGX_hWbJFqh50HaM68Nhe1uMNKw">Déconfinement, gestes barrières à la maison et à l’école</a> – Centre d’excellence des troubles du neurodéveloppement de l’Hôpital Robert Debré</li>
<li><strong>[FALC] </strong><a href="https://santebd.org/wp-content/themes/SanteBD_v2_0/files/coronavirus/coronavirus_gestes_simples.pdf">Les gestes simples contre le coronavirus</a> – SanteBD</li>
<li><strong>[FALC] </strong><a href="https://www.ideereka.com/animate/memory-gestes-barrieres/">Le memory des gestes barrières à imprimer</a> – Animate<br />
<em>Un memory des gestes barrières adaptée aux enfants ayant des besoins spécifiques pour apprendre de façon ludique. A imprimer gratuitement.</em></li>
<li><strong>[FALC] </strong><a href="https://comprendrelautisme.com/lhygiene-des-mains-deux-tutoriels-pour-le-lavage-des-mains/" target="_blank" rel="noopener noreferrer">L’hygiène des mains : deux tutoriels pour le lavage des mains</a> – Blog Comprendre l’Autisme</li>
<li><strong>[VIDÉO]</strong> <a href="https://gncra.fr/mediatheque/lexperience-des-microbes-expliquer-le-lavage-des-mains/">Expliquer l’importance de se laver les mains</a> – Nos p’tits loups s’éveillent</li>
</ul>
<p><iframe loading="lazy" src="https://www.youtube.com/embed/BuqsMV4hMjA" width="560" height="315" frameborder="0" allowfullscreen="allowfullscreen"></iframe>[/vc_column_text][vc_separator border_width= »5&Prime;][/vc_column][/vc_row][vc_row][vc_column][vc_column_text]</p>
<h3><img decoding="async" loading="lazy" class="wp-image-8781 size-medium alignleft" src="https://www.kalitepouviv.fr/wp-content/uploads/2020/04/Habituer-au-port-du-masque-233x300.jpg" alt="" width="233" height="300" srcset="https://www.kalitepouviv.fr/wp-content/uploads/2020/04/Habituer-au-port-du-masque-233x300.jpg 233w, https://www.kalitepouviv.fr/wp-content/uploads/2020/04/Habituer-au-port-du-masque-768x988.jpg 768w, https://www.kalitepouviv.fr/wp-content/uploads/2020/04/Habituer-au-port-du-masque-796x1024.jpg 796w, https://www.kalitepouviv.fr/wp-content/uploads/2020/04/Habituer-au-port-du-masque.jpg 995w" sizes="(max-width: 233px) 100vw, 233px" />Expliquer et s&rsquo;entrainer au port du masque</h3>
<p>D&rsquo;après les premiers échos du ministère, il sera très souvent utile et nécessaire de porter le masque. Cette pratique n&rsquo;est pas aisée pour les enfants, petits ou jeunes, et encore moins pour les enfants qui présentent des troubles du neuro-développement et/ou toutes autres pathologies. <strong>Il est donc conseillé aux parents d&rsquo;habituer l&rsquo;enfant aux ports du masque, et ce progressivement.</strong></p>
<p>Voici d&rsquo;autres ressources intéressantes:</p>
<ul>
<li><a href="https://www.gouvernement.fr/info-coronavirus/masques-grand-public" target="_blank" rel="noopener noreferrer">Information Masques grand public</a> – Site du Gouvernement</li>
<li><a href="http://www.ceresa.fr/wp-content/uploads/2020/04/Habituer-lenfant-%C3%A0-mettre-le-masque.pdf">Habituer l&rsquo;enfant au port du masque</a> &#8211; CERESA</li>
<li><strong>[FALC] </strong><a href="https://www.cerpea.com/download/Masques-jetables-simplifie-CERPEA.pdf">Comment utiliser un masque</a> – Elise NOIROT – Neuropsychologue et Margarida ROXO – Ergothérapeute</li>
<li><a href="https://autismeautonomie.wordpress.com/2020/04/24/mise-a-jour-amorcer-lenseignement-du-port-et-du-retrait-du-masque/?fbclid=IwAR2YKqEVg8gW5D4Wvxvr299d49MKfzPoOSIkQg0nu3huX-YlBNwA_TL14MY">Amorcer l’enseignement du port et du retrait du masque</a> – Autisme Autonomie</li>
<li><a href="http://www.ceresa.fr/wp-content/uploads/2020/04/Habituer-lenfant-%C3%A0-mettre-le-masque.pdf">Habituer votre enfant au port du masque</a> – Ceresa</li>
<li><a href="https://www.cra.bzh/sites/default/files/inline/Ressources/CRA%20Bretagne_exposition%20progressive%20masque.pdf" target="_blank" rel="noopener noreferrer">Protocole d’exposition progressive au port du masque de protection</a> – CRA Bretagne</li>
<li><strong><strong>[VIDÉO] </strong></strong><a href="https://www.youtube.com/watch?v=BuqsMV4hMjA&amp;feature=youtu.be">An Tan Corona: et les masques? et quels masques? on vous dit tout</a> &#8211;  URPS Guadeloupe</li>
</ul>
<p>[/vc_column_text][vc_separator border_width= »5&Prime;][/vc_column][/vc_row][vc_row][vc_column][vc_column_text]</p>
<h3><img decoding="async" loading="lazy" class="size-medium wp-image-8796 alignright" src="https://www.kalitepouviv.fr/wp-content/uploads/2020/04/virus-5046926_1920-300x192.jpg" alt="" width="300" height="192" srcset="https://www.kalitepouviv.fr/wp-content/uploads/2020/04/virus-5046926_1920-300x192.jpg 300w, https://www.kalitepouviv.fr/wp-content/uploads/2020/04/virus-5046926_1920-768x492.jpg 768w, https://www.kalitepouviv.fr/wp-content/uploads/2020/04/virus-5046926_1920-1024x657.jpg 1024w, https://www.kalitepouviv.fr/wp-content/uploads/2020/04/virus-5046926_1920.jpg 1920w" sizes="(max-width: 300px) 100vw, 300px" />Confection artisanale de masques : des recommandations spécifiques de l&rsquo;<a href="https://www.afnor.org/">AFNOR</a> pour leur création</h3>
<p>L&rsquo;Agence Française de Normalisation (AFNOR) met à disposition gratuitement un référentiel pour faciliter et accélérer la fabrication en série ou artisanale d’un nouveau modèle de masque, dit « masque barrière ». Celui-ci vise protéger la population saine, en complément des indispensables gestes barrières face au Coronavirus.<br />
<strong><a href="https://www.kalitepouviv.fr/wp-content/uploads/2020/04/Confectionner-un-masque-selon-les-recommandations-de-lAFNOR.pdf">Télécharger la recommandation de l&rsquo;AFNOR pour la confection des masques en cliquant ici.</a></strong>[/vc_column_text][/vc_column][/vc_row]</p>
</section>

<p>[vc_row][vc_column][vc_column_text] Expliquer le Coronavirus aux enfants Le COVID-19 change notre quotidien Expliquer le coronavirus et le confinement aux enfants : une explication dessinée Le coronavirus expliqué aux enfants en LSF COVID-19 -zones d&rsquo;exposition à risque Un dossier complet proposé par le CRA d&rsquo;Ile de France Dispositif-COVIPSY-Brochure-explicative : comment parler à vos enfants, à votre famille?&#8230;</p>
